se
Let z = 232 - -187. Is z a composite number?
False
Let n(t) = -t**2 - t - 5. Let h be n(-4). Let r = 4 - h. Is r prime?
False
Let x be (-13 - -4)*2/2. Let y be (-18)/15*(-120)/x. Let q = -5 - y. Is q composite?
False
Let w(h) be the third derivative of -h**7/1008 - h**6/80 + h**5/60 - 2*h**2. Let g(f) be the third derivative of w(f). Is g(-8) a composite number?
False
Let o = -5 - -99. Is o prime?
False
Let l = 39 + 9. Suppose -4*u = -40 - l. Is u composite?
True
Let f(z) = z**2 + 5*z + 5. Suppose 2*q = 5*y + 22, y - 2*q = 3*q + 14. Is f(y) composite?
False
Let y(o) = -o**3 + 5*o**2 + 6. Let q be y(5). Let b be 0 - -1 - (q - 0). Is -102*3/(b - 1) composite?
True
Let m = -392 - -696. Let c = m + -55. Is c a composite number?
True
Let m = 11 + -5. Let t(z) = -15*z**2 + z - 3. Let c(g) = -7*g**2 - 1. Let r(f) = m*t(f) - 13*c(f). Is r(4) a prime number?
False
Let g(c) = -6*c**3 - 5*c**2 - 8*c - 8. Let j(a) = 7*a**3 + 5*a**2 + 8*a + 9. Let u(m) = 6*g(m) + 5*j(m). Suppose 2*v = -2*v - 20. Is u(v) a prime number?
True
Let s = -8 + 35. Is (102/(-8))/(s/(-72)) a composite number?
True
Let i = 59 + -83. Suppose -2*d = -5*n - 69, 0*n - 3*d + 51 = -4*n. Is (-2)/(i/n)*-8 a prime number?
False
Suppose -3 - 1 = -2*h. Is 512/h + 0 + 3 composite?
True
Suppose -4*y - 162 = y - 3*a, -52 = 2*y + 2*a. Let c = 109 - y. Is c a prime number?
True
Let t(q) = 3*q**2 + q. Let z be t(1). Suppose 5*v - 469 = -z*p, 6*p - p - 596 = -3*v. Is p composite?
True
Suppose -126 = -2*z + 548. Is z a composite number?
False
Let h = -6 + 37. Is h composite?
False
Let v(q) = 4*q**2 - 4*q - 13. Is v(8) a composite number?
False
Is (0 - (-24)/1) + (-9)/3 prime?
False
Is (-1572)/(-10) - 6/30 a prime number?
True
Suppose 2*z - 3 - 3 = 0. Suppose z*w = -w + 88. Is w composite?
True
Let g = -363 - -562. Is g prime?
True
Let m(r) = -3*r**3 + 6*r**2 + 9*r - 1. Let i(f) = f**3 + f**2 - f + 1. Let j(p) = 4*i(p) + m(p). Is j(-4) composite?
False
Is (-6)/39 - 1683/(-39) a prime number?
True
Let l be (0/3)/(4/2). Suppose -3*s + 2*p + 29 = 0, l = -4*p + 11 + 9. Is s a composite number?
False
Suppose -q = -5*q + 5*l + 2, q + l = 5. Let j(t) = t**3 + 13*t**2 + t + 15. Let y be j(-13). Suppose -y*i + i + q = 0. Is i composite?
False
Let m be (-1)/2*-51*4. Suppose -348 = -3*l - m. Suppose 0 = -4*i + 2*g + l, -2*g - 7 = i - 20. Is i a composite number?
False
Suppose 593 = -3*g + 1922. Is g composite?
False
Suppose z = 3*x - 5, 5*x + 2 = -2*z - 8. Suppose x*r - 57 = -3*r. Suppose 0*d = -d + r. Is d a composite number?
False
Is (3/(-9))/(6/(-612)) a composite number?
True
Let j = -2883 + 4107. Suppose 2*a + 1600 = 3*c + 371, j = 3*c + 3*a. Is c a composite number?
False
Suppose 1042 + 923 = 3*j. Is j a prime number?
False
Suppose w = 93 - 8. Let a = w + -28. Suppose 0 = -4*l + l + a. Is l a prime number?
True
Suppose 3*a + a - 13820 = 0. Is a prime?
False
Is (543 + -1)*1*(-2)/(-4) prime?
True
Suppose 85 = 4*b - 679. Is b prime?
True
Let a = 1181 + -342. Is a composite?
False
Let m = -246 - -411. Let w = m + -34. Is w prime?
True
Let o(z) = z**3 + 7*z**2 + 4. Let s be o(7). Suppose 4*l = -s + 2686. Is l a composite number?
False
Let z be ((-14)/28)/(2/12). Let g(o) = 84*o**2 + 4*o - 1. Is g(z) a prime number?
True
Suppose 5*h - 47 - 17 = 2*n, -2*h + n + 26 = 0. Let v be (1/(-2))/((-3)/h). Suppose 0 = 4*u + v*g - 64, 0 = -3*u + 2*u + g + 10. Is u composite?
True
Suppose 14*v - 21*v + 11459 = 0. Is v prime?
True
Suppose 4*w - 2098 = 2*k + 352, -w + 612 = -k. Is w a prime number?
True
Suppose 2*b = 286 + 94. Let z = -95 + b. Is z prime?
False
Let c = 12 - 6. Let f(y) = 2*y - 3. Is f(c) a prime number?
False
Is 1 + (370 - 0) - 4 a prime number?
True
Let w = -9 - -15. Suppose -w*o + 1282 = -4*o. Is o a composite number?
False
Let y be ((-459)/12)/((-6)/32). Suppose 4*p = 4*f + y, -3*p + 7*p = -3*f + 204. Is p prime?
False
Let i = -8 - -11. Is i a composite number?
False
Let j = 448 - 231. Is j a composite number?
True
Let u(v) be the third derivative of v**7/2520 + v**6/720 + v**5/40 - v**4/8 - 2*v**2. Let d(a) be the second derivative of u(a). Is d(-4) a composite number?
True
Let k = -358 + 1235. Is k prime?
True
Let q = 845 - 45. Suppose 1902 = 2*b - q. Is b a prime number?
False
Is 4/(-22) + 343179/187 prime?
False
Let d(l) = 3*l**2 - 8*l - 2. Is d(-3) prime?
False
Suppose -4*d + 5966 = 2*s, -3*s = -3*d - 4294 - 4610. Is s composite?
True
Suppose 4*m - 3*o - 816 = -8*o, -m = 3*o - 197. Is m composite?
True
Let k(w) = 78*w + 23. Is k(6) a composite number?
False
Suppose 2*g = -g - 60. Is -2*86*5/g prime?
True
Let r(p) = 16*p**2 + p + 2. Is r(-3) composite?
True
Let q(n) = 47*n + 6. Let p be q(8). Suppose -l - l + p = 0. Is l composite?
False
Let i(y) = -y**2 - 5*y - 3. Let h be i(-4). Is (28 + -5)/(h/5) prime?
False
Let x(b) = 9*b**2 + 4*b - 5. Let u = 0 + -4. Let a be x(u). Suppose -4*i = -433 - a. Is i a prime number?
True
Suppose 2*r - 2*h = -3*h + 260, -r - 4*h + 116 = 0. Suppose -3*v + r = v. Is v a prime number?
False
Suppose -t = -2 - 1. Suppose -a - t*a = -640. Suppose 0 = 4*k - 20, -k = -5*z - 2*k + a. Is z composite?
False
Suppose -5*g + 697 = -978. Let h be (-2 - -1)*1 - -1. Suppose n - 4*s - 119 = h, 5*n - 4*s - g = 244. Is n a composite number?
True
Suppose 3*f = -4 + 1. Is f/(-3) + 704/3 composite?
True
Let s = 1726 - 1215. Is s a composite number?
True
Let m = -218 + 317. Let h = -66 + m. Is h prime?
False
Let o = -54 + 587. Is o prime?
False
Suppose 4*h - n = 2*n + 155, -2*h = 3*n - 55. Is h a composite number?
True
Let g = -126 - -56. Let t = -157 + 318. Let k = g + t. Is k a prime number?
False
Let s(r) = 49*r - 71. Is s(12) prime?
False
Let l(a) = -2*a**3 - 2*a**2 + 3*a + 2. Let u be l(-2). Let c be ((-22)/4)/(1/(-2)). Suppose u*q - 113 = c. Is q composite?
False
Is (141/(-6))/((-4)/40) a composite number?
True
Let b(p) = -p - 1. Let q be b(-1). Suppose q = g + g - 20. Is g a composite number?
True
Let o(u) = u - 3*u - 15*u**3 + u - 15*u**3. Suppose -m - 5 = s - 5*m, 5*m = -2*s + 3. Is o(s) prime?
True
Let k(g) = 37*g + 6. Let y(s) = -36*s - 5. Let l(v) = 2*k(v) + 3*y(v). Is l(-2) composite?
True
Suppose -5*o = -5*n - 8*o + 2705, 5*o + 2705 = 5*n. Is n composite?
False
Let i = -3927 + 6170. Is i prime?
True
Let m = 7 + -4. Suppose 0 = 2*b - 10 - 6. Suppose -f = m*t - 11, 4*t + 0*t - 2*f - b = 0. Is t a prime number?
True
Let o(s) = s + 4. Suppose 4*k = -k. Let h be o(k). Suppose -21 = h*d + a - 96, -5*d + 92 = 3*a. Is d prime?
True
Suppose 5*j + k = 4449, 4*j - 4*k - 3536 = k. Is j composite?
True
Let x be 26/8 - 4/16. Suppose x*c - 19 = -0*j + 5*j, -c - 3*j = 3. Is 53/(-1)*(-3)/c prime?
True
Let x(j) = j**2 + 9*j + 13. Let q be x(-7). Is 46 + 2/(-1) + q a prime number?
True
Suppose 4*d - 4490 = 2*b, -b - 6 = -3. Is d composite?
True
Let j = 104 + -32. Suppose q + 4*q + 185 = 0. Let r = q + j. Is r a prime number?
False
Let s(g) = -g + 3. Let w be s(4). Let f be (w/(-1))/(1/(-9)). Is (38/(-3))/(6/f) composite?
False
Suppose 2*n - 136 = -2*h + 692, 1207 = 3*n - 4*h. Is n a prime number?
True
Let p(f) = -4*f + 1. Let s = -12 - -3. Let q be p(s). Suppose -2*t = 11 - q. Is t a prime number?
True
Let v(u) = 12*u**3 + 6*u**2 - 2*u + 9. Is v(4) prime?
False
Let d(x) = x**3 + 3*x**2 + 6*x - 14. Is d(6) composite?
True
Let w(k) = 6*k**3 + 1. Let t = 2 + 0. Is w(t) a prime number?
False
Suppose 4*q - 3*x = 20, -x + 0*x = 4*q - 20. Suppose 0 = -p - q, m + 0*p = p + 13. Suppose -w + 3 = -m. Is w a composite number?
False
Suppose -47 = 7*x - 894. Is x a prime number?
False
Suppose 0 = 5*a + y - 4929, 2*a + 3*y - 1355 = 627. Suppose 3*d - 530 = -5*i, 4*i = -4*d + a - 265. Is d prime?
False
Let h(c) = -14*c - 1. Let s be h(-12). Suppose 4*w - s = -35. Is w prime?
False
Let q = 0 + 2. Let l = q + -3. Is 38*l*(-2)/4 a composite number?
False
Let f = 307 - 149. Is f a composite number?
True
Let a(w) = w**2 + 4*w - 1. Let d be a(-5). Suppose 2 - 178 = -d*t. Let u = -19 + t. Is u prime?
False
Let o(b) = b - 6 + 32*b - 3 + 10*b. Is o(8) a composite number?
True
Let a = 3 + 0. Suppose -j - 44 = -a*j. Let t = j + -9. Is t a prime number?
True
Let z(p) = -5*p**2 + 9*p + 7. Let c(i) = -4*i**2 + 9*i + 7. Let n(d) = 4*c(d) - 3*z(d). Let r = 16 + -7. Is n(r) prime?
True
Is ((-372)/8 - -1)*-2 composite?
True
S